= 17*f + 139. Let l be u(-34). Let x = l - -640. Calculate the highest common factor of 3 and x.
3
Let q = -152 + 208. Suppose 22*h = 29*h - q. What is the greatest common divisor of h and 28?
4
Suppose -306 = -5*u + 854. Suppose 1529*i + 49122 - 101708 = 80437. What is the highest common divisor of u and i?
29
Suppose -5*n + 330 = n. Suppose 6*o - 163 = -n. Let c be ((-6)/(-15))/(4/180). What is the greatest common divisor of c and o?
18
Let g(s) = -s**2 - 13*s - 9. Let f be g(-15). Let t = f + 45. Suppose t*z = z + 45. Calculate the greatest common divisor of 3 and z.
3
Suppose 0 = -14*y + 7*y + 308. Let n(a) = -7*a + 162. Let o be n(22). Calculate the highest common factor of y and o.
4
Let b(h) = 5*h - 731 - 747 + 2294 - 673. Suppose j - 3*j = 0. Let c be b(j). What is the highest common factor of 13 and c?
13
Let a be -2 - (-17)/((-170)/(-9140)). Calculate the greatest common divisor of 192 and a.
48
Let o = 18238 - 9096. What is the highest common factor of 14 and o?
14
Suppose -5*n + 0*j + 11 = 2*j, 2*n + 4 = -5*j. Let t(l) = 4 - n*l + 4*l - 2*l + 15*l. Let m be t(2). Calculate the highest common factor of m and 8.
8
Let k = -13390 + 13520. What is the greatest common divisor of k and 7930?
130
Let y(n) = 284*n + 1. Let o be y(1). Let g = -704519 - -704579. Calculate the highest common factor of o and g.
15
Suppose -3*t + 2*b + 13493 = 0, -2*b = 3*t - 12912 - 613. Calculate the highest common divisor of 316 and t.
79
Suppose w + 4*w - 65 = 0. Suppose -10*v - 264 = -w*v. Let f = 63 + -55. What is the greatest common factor of f and v?
8
Suppose -2*a = a - 3. Suppose -48 = -4*i - 4*o, -3*o - 4 - 15 = -2*i. What is the highest common factor of i and a?
1
Let q be (-4)/(-2)*(-5 + 6). Suppose 51 + 189 = q*u. What is the greatest common divisor of 15 and u?
15
Suppose 5*d = 3*u + 1155, -2*u = -2*d + 3*u + 481. Let z = 16470 - 16413. Calculate the greatest common divisor of d and z.
57
Let s(u) = u**2 + 6*u + 1. Let k be s(-5). Let g be (-1355)/(-35) - k/14. Let l be (2 - 236)*15/(-10). What is the highest common divisor of l and g?
39
Let a(l) = 1710*l**2 - 34*l + 28. Let w be a(3). What is the greatest common factor of 28 and w?
28
Suppose 2*a + 2*a = -3*s + 1543, 0 = 5*a - 5. Let g = s - 499. Calculate the greatest common divisor of g and 182.
14
Suppose 4*d = 3*j + 10001, -2*j + 5 = -j. What is the greatest common divisor of d and 40?
8
Suppose -5*l = 2*n - 1129, 4*n + 4*l + 1045 = 3309. What is the greatest common divisor of 2583 and n?
63
Let k(m) = 4*m**2 + 15*m + 14. Let p be k(-6). Let d = p - 59. Let b = 8 + 19. Calculate the highest common divisor of b and d.
9
Let c(t) = 74*t - 118. Suppose 0 = -4*h + j + 9, -12 = -10*h + 5*h + j. Let i be c(h). What is the greatest common factor of i and 8?
8
Suppose -235 = -r + 205. Let x be ((6/(-5))/(6/20))/(41360/(-113740)). What is the greatest common divisor of r and x?
11
Suppose h = -3*h - 132. Let z be ((-112)/12)/(h/(-9) + -4). Let d = 197 - 127. Calculate the highest common divisor of d and z.
14
Suppose -55928 + 31271 - 37713 = -99*x. What is the highest common factor of 495 and x?
45
Let w = 91 - 157. Let f = w + 76. Suppose 2*p + 0*n - 18 = 2*n, 3 = 3*n. What is the highest common divisor of p and f?
10
Suppose 3288 = 4*i - 4*b, -153 - 645 = -i - 3*b. Calculate the highest common factor of i and 884.
68
Suppose 5*n - 292 = 4*y + 1348, 6*n + 2*y - 1968 = 0. Calculate the greatest common factor of 8 and n.
8
Let x = -5 + 11. Suppose x*l = 7*l - 4. Let g be 2*-1*(-33)/22. Calculate the greatest common factor of g and l.
1
Let f = 300 + -294. Calculate the greatest common divisor of f and 1308.
6
Suppose 18*y + 554 - 626 = 0. Let u be (4/(-3))/(1/(-3)). Suppose 10 = 6*l - y*l, 5*p - u*l = 95. Calculate the highest common divisor of 23 and p.
23
Suppose -16*d = -14*d + 6. Let t be (-304)/12*2*d. Let r = -262 + 300. Calculate the greatest common divisor of r and t.
38
Let o be 1*(-7 - (-4 + 88)). Let a = 93 + o. Calculate the greatest common factor of 42 and a.
2
Suppose 275 = -40*q + 45*q - r, -209 = -4*q + 3*r. What is the highest common factor of q and 904?
8
Let j = -20 + 22. Let g(u) = -u**2 - 16*u + 21. Let c be g(-17). Let f be (c - j)/((-10)/(-20)). Calculate the highest common factor of 12 and f.
4
Let k be -7 - 53382/(-124)*(1*5 - 1). Calculate the greatest common divisor of 49 and k.
49
Suppose -7 = 44*b - 37*b. Let v(n) = 13*n**2 - 2*n - 3. Let q be v(b). What is the greatest common factor of q and 30?
6
Let r(j) = j**3 + 34*j**2 - 62*j + 85. Let l be r(-19). What is the greatest common divisor of l and 21?
21
Suppose -121 - 100 = -o. Suppose 19*h - 601 = -o. Calculate the highest common divisor of h and 220.
20
Suppose 300*b - 222 = 303*b. Let s = b - -109. Calculate the greatest common divisor of 35 and s.
35
Suppose -3641 = -13*i + 6109. What is the greatest common factor of i and 30?
30
Suppose -30*r + 14735 = -29*r - 4*f, 0 = 2*r + 5*f - 29379. Calculate the greatest common factor of 77 and r.
77
Suppose 6*v - 560 = 2*v. Let f be 66 + (2 - 4)*-1. Suppose f*u = 85*u - 952. Calculate the greatest common factor of u and v.
28
Let l be 5*(-6)/42*-7. Suppose -4*d = l - 1, 0 = -v - 4*d + 6. What is the greatest common factor of 50 and v?
10
Suppose 3*y - 7 = 2. Let b = -232 - -236. Suppose 3*t = 3*l + b*t - 78, -5*t = 4*l - 93. What is the greatest common factor of l and y?
3
Let f(o) = -264*o**3 - 2*o**2 - o + 1. Let r be f(-1). Let v = r - 234. What is the highest common factor of 80 and v?
10
Let t(k) = k + 4. Let p be t(-6). Let v = p - -38. Let x(w) = 6*w**2 + 32*w - 122. Let f be x(-11). What is the highest common divisor of v and f?
36
Suppose 222936 = 61*z + 74*z + 31101. What is the greatest common factor of 392 and z?
49
Suppose -4*i - 549 = -3*w - 2760, 2*i + 4*w = 1100. What is the highest common factor of 40 and i?
8
Let j be (-1537174)/(-2465) - (-1)/(5/2). Calculate the highest common factor of j and 429.
39
Suppose -32*l + 56*l - 10290 = -74*l. Calculate the greatest common divisor of l and 609.
21
Suppose 11*g + 18*g - 11592 = g. What is the greatest common divisor of 368 and g?
46
Let i be ((-108)/4)/(36/(-168)). Calculate the greatest common factor of i and 1638.
126
Let k(m) be the first derivative of -m**2/2 + 9*m + 3. Let o be k(8). Let c(b) = 15*b**3. Let q be c(o). Calculate the greatest common factor of 45 and q.
15
Let t be (-3 + 26)/((-11)/(-11)). Suppose -6*r + 31 = -t. What is the highest common factor of r and 261?
9
Suppose -2*x = s - 398, -2003 = -5*s - 10*x + 13*x. Suppose -k - k + 32 = 0. Calculate the highest common factor of s and k.
16
Let f be 98550/63 + 3/(-21)*2. Suppose -184 = -1980*q + 1972*q. Calculate the greatest common factor of f and q.
23
Let g(v) = -122*v + 74. Let t be g(0). Let f(h) = 59*h + 8. Let r be f(3). What is the highest common divisor of t and r?
37
Let k be (30/9 + -3)*-3. Let z be ((-207)/9)/(k/1). Calculate the greatest common factor of z and 92.
23
Let p = -73 + 111. Suppose 22 + p = -5*t. Let i(s) = -s**3 - 14*s**2 - 24*s + 27. Let k be i(t). What is the greatest common divisor of k and 3?
3
Let n be ((-1496)/6)/(22/(-363)*11). Calculate the highest common factor of n and 646.
34
Let b(q) = 138*q + 1450. Let j be b(-3). Calculate the greatest common divisor of j and 112.
28
Let g = 345 + -326. Suppose 0*p - 3*v = 3*p - 516, 3*p - v - 512 = 0. What is the greatest common divisor of g and p?
19
Let v = 5467 - 5144. What is the highest common factor of 51 and v?
17
Suppose 56 = 4*c - 16. Let x(n) = -28*n - 1. Let w be x(-4). Suppose 14*v - 267 = w. What is the greatest common factor of v and c?
9
Suppose 32*b - 30*b = 3*k + 48, -4*b = 2*k - 112. What is the greatest common divisor of b and 288?
9
Suppose -11*u + 10*u - 2*b = 4, 4 = 2*u + b. Suppose -2*l + 1760 = 2*a, -4*l + 1727 + 1753 = -u*a. What is the greatest common divisor of l and 7?
7
Let g(p) = 2*p**2 - 6*p - 9. Let f be g(8). Suppose -b + 5384 - 5313 = 0. Calculate the greatest common factor of f and b.
71
Let x be (-10)/45 + 6/((-108)/(-58)). Suppose -7 = -2*q + x*k, 0 = 3*q - 2*q - 3*k - 5. What is the greatest common divisor of q and 22?
2
Suppose -10445 = -5*c + 5*f, -4*c + 8361 = -6*f + 7*f. Suppose 343*z + c = 348*z. Calculate the greatest common 